{"version":"1.0","provider_name":"Julie Asselin laines et fils","provider_url":"https:\/\/www.julie-asselin.com\/fr\/","author_name":"Ariane Seixas","author_url":"https:\/\/www.julie-asselin.com\/fr\/author\/arianeseixas\/","title":"Tricot entre ami.e.s \u2013 Jos\u00e9e Paquin - Julie Asselin laines et fils","type":"rich","width":600,"height":338,"html":"<blockquote class=\"wp-embedded-content\" data-secret=\"wg0szwUiyQ\"><a href=\"https:\/\/www.julie-asselin.com\/fr\/blogue\/tricot-entre-ami-e-s-josee-paquin\/\">Tricot entre ami.e.s \u2013 Jos\u00e9e Paquin<\/a><\/blockquote><iframe sandbox=\"allow-scripts\" security=\"restricted\" src=\"https:\/\/www.julie-asselin.com\/fr\/blogue\/tricot-entre-ami-e-s-josee-paquin\/embed\/#?secret=wg0szwUiyQ\" width=\"600\" height=\"338\" title=\"\u00ab\u00a0Tricot entre ami.e.s \u2013 Jos\u00e9e Paquin\u00a0\u00bb &#8212; Julie Asselin laines et fils\" data-secret=\"wg0szwUiyQ\" frameborder=\"0\" marginwidth=\"0\" marginheight=\"0\" scrolling=\"no\" class=\"wp-embedded-content\"><\/iframe><script type=\"text\/javascript\">\n\/* <![CDATA[ *\/\n\/*! This file is auto-generated *\/\n!function(d,l){\"use strict\";l.querySelector&&d.addEventListener&&\"undefined\"!=typeof URL&&(d.wp=d.wp||{},d.wp.receiveEmbedMessage||(d.wp.receiveEmbedMessage=function(e){var t=e.data;if((t||t.secret||t.message||t.value)&&!\/[^a-zA-Z0-9]\/.test(t.secret)){for(var s,r,n,a=l.querySelectorAll('iframe[data-secret=\"'+t.secret+'\"]'),o=l.querySelectorAll('blockquote[data-secret=\"'+t.secret+'\"]'),c=new RegExp(\"^https?:$\",\"i\"),i=0;i<o.length;i++)o[i].style.display=\"none\";for(i=0;i<a.length;i++)s=a[i],e.source===s.contentWindow&&(s.removeAttribute(\"style\"),\"height\"===t.message?(1e3<(r=parseInt(t.value,10))?r=1e3:~~r<200&&(r=200),s.height=r):\"link\"===t.message&&(r=new URL(s.getAttribute(\"src\")),n=new URL(t.value),c.test(n.protocol))&&n.host===r.host&&l.activeElement===s&&(d.top.location.href=t.value))}},d.addEventListener(\"message\",d.wp.receiveEmbedMessage,!1),l.addEventListener(\"DOMContentLoaded\",function(){for(var e,t,s=l.querySelectorAll(\"iframe.wp-embedded-content\"),r=0;r<s.length;r++)(t=(e=s[r]).getAttribute(\"data-secret\"))||(t=Math.random().toString(36).substring(2,12),e.src+=\"#?secret=\"+t,e.setAttribute(\"data-secret\",t)),e.contentWindow.postMessage({message:\"ready\",secret:t},\"*\")},!1)))}(window,document);\n\/\/# sourceURL=https:\/\/www.julie-asselin.com\/wp-includes\/js\/wp-embed.min.js\n\/* ]]> *\/\n<\/script>\n","thumbnail_url":"https:\/\/www.julie-asselin.com\/wp-content\/uploads\/2020\/03\/4613BE46-C3F6-4B3E-BF8F-90C6858033B8_medium2.jpeg","thumbnail_width":484,"thumbnail_height":640,"description":"Depuis toujours fascin\u00e9s par les parcours cr\u00e9atifs des uns et des autres, nous avons commenc\u00e9 \u00e0 demander \u00e0 nos amies et amis de partager leurs exp\u00e9riences sur ce blogue. Aujourd\u2019hui, nous en apprenons davantage sur la designer Jos\u00e9e Paquin."}

Tricot entre ami.e.s – Josée Paquin - Julie Asselin laines et fils

<blockquote class="wp-embedded-content" data-secret="wg0szwUiyQ"><a href="https://www.julie-asselin.com/fr/blogue/tricot-entre-ami-e-s-josee-paquin/">Tricot entre ami.e.s – Josée Paquin</a></blockquote><iframe sandbox="allow-scripts" security="restricted" src="https://www.julie-asselin.com/fr/blogue/tricot-entre-ami-e-s-josee-paquin/embed/#?secret=wg0szwUiyQ" width="600" height="338" title="« Tricot entre ami.e.s – Josée Paquin » &#8212; Julie Asselin laines et fils" data-secret="wg0szwUiyQ" frameborder="0" marginwidth="0" marginheight="0" scrolling="no" class="wp-embedded-content"></iframe><script type="text/javascript">
/* <![CDATA[ */
/*! This file is auto-generated */
!function(d,l){"use strict";l.querySelector&&d.addEventListener&&"undefined"!=typeof URL&&(d.wp=d.wp||{},d.wp.receiveEmbedMessage||(d.wp.receiveEmbedMessage=function(e){var t=e.data;if((t||t.secret||t.message||t.value)&&!/[^a-zA-Z0-9]/.test(t.secret)){for(var s,r,n,a=l.querySelectorAll('iframe[data-secret="'+t.secret+'"]'),o=l.querySelectorAll('blockquote[data-secret="'+t.secret+'"]'),c=new RegExp("^https?:$","i"),i=0;i<o.length;i++)o[i].style.display="none";for(i=0;i<a.length;i++)s=a[i],e.source===s.contentWindow&&(s.removeAttribute("style"),"height"===t.message?(1e3<(r=parseInt(t.value,10))?r=1e3:~~r<200&&(r=200),s.height=r):"link"===t.message&&(r=new URL(s.getAttribute("src")),n=new URL(t.value),c.test(n.protocol))&&n.host===r.host&&l.activeElement===s&&(d.top.location.href=t.value))}},d.addEventListener("message",d.wp.receiveEmbedMessage,!1),l.addEventListener("DOMContentLoaded",function(){for(var e,t,s=l.querySelectorAll("iframe.wp-embedded-content"),r=0;r<s.length;r++)(t=(e=s[r]).getAttribute("data-secret"))||(t=Math.random().toString(36).substring(2,12),e.src+="#?secret="+t,e.setAttribute("data-secret",t)),e.contentWindow.postMessage({message:"ready",secret:t},"*")},!1)))}(window,document);
//# sourceURL=https://www.julie-asselin.com/wp-includes/js/wp-embed.min.js
/* ]]> */
</script>

Depuis toujours fascinés par les parcours créatifs des uns et des autres, nous avons commencé à demander à nos amies et amis de partager leurs expériences sur ce blogue. Aujourd’hui, nous en apprenons davantage sur la designer Josée Paquin.
